 3*p - 3, d - 5*p - 25 = 0. Let g(r) = -r - 6. What is g(d)?
-11
Let v = 6 + -4. Suppose 0 = 2*q + 3*u + 6, -5*q - 3*u - 5 = 1. Let a(c) = q + c + 4 + 3*c - c**v. Calculate a(3).
7
Let s = -11 - -11. Let l = 1 - 1. Suppose -2*g + 2*d = s, 3*g = d - l - 6. Let b(r) = r**2 + 5*r + 3. Give b(g).
-3
Suppose 0*b = 4*b + 5*v + 12, -3*b - 4*v - 10 = 0. Let n(d) be the second derivative of d**3 + d. What is n(b)?
12
Let v(m) = -2*m - 4. Let u be (6/(-1))/((-24)/16). Suppose -u*a = 4*y + 24, -y = -2*a + 1 - 7. What is v(a)?
4
Let a(d) = -d**2 + 5*d - 6. Suppose 6*b - 3*b - 12 = 0. Let s = b - -1. Determine a(s).
-6
Suppose h = -3*m - 7, 0*h - 2*m = 2*h - 6. Let i = h + -6. Let q(k) = k**3 - 2*k**2 - 2*k - 1. Calculate q(i).
-5
Let w(z) = -11*z - 1. Let i be w(-1). Let j be 1/5 - (-18)/i. Let p(l) = -l**3 + 2*l**2 - 3*l + 1. What is p(j)?
-5
Let n(r) = 12*r**3 + r**2. Let k(m) = -m**2 - 9*m + 5. Let a be k(-9). Suppose 1 = -a*i + 4*i. Give n(i).
-11
Let y(i) = i + 6. Let s be (-3)/6*0/1. Let b be y(s). Suppose -2*c = -b*c. Let u(x) = -x**2 - 1. What is u(c)?
-1
Let p(t) = -2*t + 1. Let r(y) = -y**2 + 7*y - 7. Let s(x) = -x**2 + 9*x - 3. Let i be s(8). Let z be r(i). What is p(z)?
-5
Let m(g) = -g**3 + 3*g**2 + 2*g - 2. Let n = -28 - -30. Give m(n).
6
Let v(s) = -s + 1. Let p(g) = -5*g + 6. Let a(l) = p(l) - 4*v(l). Let y(z) = z - 1. Let u be y(5). Suppose -u*t = 12, -t + 5*t + 12 = -4*h. Give a(h).
2
Let z(i) = -3*i + 4. Suppose 30 = -0*k + 4*k + 2*c, -3*k - 2*c = -22. Suppose 0 = 2*j - k*j + 18. Determine z(j).
-5
Suppose -b = 5*s - 0*b - 25, 5 = s - 2*b. Let z(d) = d**2 + 3*d - 2. Let m be z(-4). Let j(q) = 4*q**3 - s*q**3 - q**2 + 3*q + 4*q**m. Determine j(4).
-4
Let o = 0 + -2. Let q = 4 + -2. Let v(a) = 3*a**2 - q - 4*a**2 + 2*a - 3*a. What is v(o)?
-4
Let r = 8 - 9. Let b(x) be the second derivative of -1/5*x**5 + 1/12*x**4 - x + 0*x**3 - 1/2*x**2 + 0. Calculate b(r).
4
Let z be (2/(-4))/(1/10). Let u(h) be the first derivative of -h**5/120 - 5*h**4/12 + 4*h**3/3 - 1. Let f(t) be the third derivative of u(t). Determine f(z).
-5
Let c(q) = q - 4. Suppose s + 3*s = 0. Suppose -2*i + s = 8. Determine c(i).
-8
Let v be (4/3)/(10/(-45)). Let z(q) = q**3 + 5*q**2 - 3*q + 3. Give z(v).
-15
Let f = 3 - 2. Suppose 3*w + 2*w = 15. Let q(i) = 4 + 0*i - w + 2*i. Determine q(f).
3
Let w(u) = 3*u**3 - 5*u**2 + 2*u. Let o(j) = j**3 - j + 1. Suppose 2 = -9*g + 10*g. Let l(s) = g*o(s) - w(s). Let d = 15 - 11. Calculate l(d).
2
Let j = 10 - 5. Let m(f) = -f**2 - 2. Let u(h) = h**2 + h + 2. Let p(t) = j*m(t) + 6*u(t). Give p(-6).
2
Suppose -6 + 16 = 2*h. Suppose -2*w = -3*k - w - 7, 16 = -2*k - h*w. Let x(p) = p**3 + 3*p**2 - 2*p. Calculate x(k).
6
Let r = -1 + 0. Let p be r - (2 - (8 - 2)). Suppose 11 = 4*c + p. Let t(l) = -l**2 + l - 2. Calculate t(c).
-4
Suppose q = -q + 4. Let v(s) = 4*s**2 - s**2 - 3*s - 4 - 2*s**q - 2*s**2. Suppose 8 = -2*m, 2*f - 3*f - 24 = 5*m. Calculate v(f).
-8
Let f = 6 - 5. Let x = f - 1. Let p(v) = -v. Give p(x).
0
Suppose 2*x - 6 - 4 = 0. Let c = -3 - x. Let t = c + 10. Let w(y) = -2*y**2 + 1. Give w(t).
-7
Let k(l) be the third derivative of 4*l**2 - 1/20*l**6 + 0 + 1/60*l**5 + 0*l - 1/24*l**4 + 1/6*l**3. Let o = 0 + 1. What is k(o)?
-5
Let r(p) = -p**3 + 4*p**2 + 7*p - 7. Let l be r(5). Suppose 0 = 2*s - 4 - 0. Let w(f) = s*f + 2 - 2*f**2 - 4 + 6. Give w(l).
-8
Suppose -2 - 1 = -s. Let n(i) = 0*i**s + 5*i**2 - i**3 + 0*i**3 + 1. Determine n(5).
1
Let a(b) = 5*b - 3. Let r(d) = 16*d - 10. Let t(k) = 7*a(k) - 2*r(k). What is t(-3)?
-10
Let b = 36 - 41. Let o(z) = z**3 - z**2 + 2*z + 13. Let u(l) = -l**3 + 2*l**2 - 2*l - 14. Let n(d) = 7*o(d) + 6*u(d). Give n(b).
-3
Let k(w) = w**3 - 4*w**2 - 8*w + 4. Suppose 8 - 56 = -4*h. Suppose -13 = -5*b + h. Calculate k(b).
-11
Suppose 4*b - 15 + 7 = 0. Suppose -6 - 14 = -5*c. Let u(z) = -2*z - 4*z + c*z. Calculate u(b).
-4
Let x(m) = -35 + 35 + 3*m. Calculate x(3).
9
Let r(f) be the first derivative of f**3/3 + f**2 + f - 8. Calculate r(-4).
9
Let j(a) = a + 1. Let m = 16 - 22. Let u(v) = v + 1. Let z(t) = m*j(t) + 5*u(t). What is z(5)?
-6
Let c(w) = -w**3 + w**2 - w + 1. Suppose -3*b + 5*b = 8. Let z = b + -5. Let p be z - (-1 - 1 - -1). Determine c(p).
1
Let y(f) = -f**2 - 2*f. Suppose -h - h = 24. Let n be 54/h*(-2)/(-3). Give y(n).
-3
Let h(l) = -4*l. Let t(u) = -3*u. Let x(i) = 4*h(i) - 5*t(i). Let b be 259/49 - 2/7. Determine x(b).
-5
Let k(y) be the first derivative of y**3/3 - y**2/2 + 1. Suppose u + v = -3*u - 3, -12 = -4*u + 4*v. Let i be -3*1/(-3) + u. Calculate k(i).
0
Let k = -5/12 + 13/30. Let z(h) be the third derivative of -1/6*h**4 + k*h**5 + 0 + 1/2*h**3 + 0*h - 3*h**2. Determine z(3).
0
Let u = 3 + -1. Let j(o) = -7*o**2 + 2 + o**2 + 10*o**u - 6*o**2. Let z(y) = y**3 - 6*y**2 + y - 4. Let t be z(6). Determine j(t).
-6
Suppose d = -6 + 14. Suppose -i + 2*f = d, 3*i + 17 - 3 = f. Let j(q) = -q**2 - 7*q - 6. Calculate j(i).
6
Let m be (-1)/4 + 51/12. Let r = m - 2. Let t(s) = -3 + 0*s + 6*s**2 - 5*s**2 + r + 4*s. Give t(-3).
-4
Let f(o) = o**3 + o**2 - o + 3. Suppose y = 5*y + x - 10, 2*x = 4*y - 4. Let z be y - (3 - (-1)/(-1)). Give f(z).
3
Let u(j) = -2*j + 5. Let a(p) be the second derivative of 0 + 2*p**2 + p**3 - 2*p - 1/12*p**4. Let c be a(6). Give u(c).
-3
Let n(m) = m**2 - m - 1. Let x be n(3). Suppose -6*q - 17 = -q + r, 0 = x*q - 2*r + 11. Let p(f) = -4*f - 3. Give p(q).
9
Let g(k) = -k**2 - 6*k + 10. Let j = -100 - -92. Give g(j).
-6
Let n(y) = -y**3 - 4*y**2 + y + 1. Let c(j) = -j - 4*j**3 + 5 + 4*j**2 - 6 + 5*j**3 + 0*j**3. Let x(o) = -3*c(o) - 2*n(o). What is x(-4)?
-3
Let d = 10 + 3. Let h = -18 + d. Let z(a) = -4*a**2 - 10*a - 8. Let o(g) = g**2 + g + 1. Let i(r) = 3*o(r) + z(r). Calculate i(h).
5
Let y(f) = f + 2. Let g(t) = t**3 - 22*t**2 - 25*t + 43. Let x be g(23). What is y(x)?
-1
Let t(n) = -3*n + 14. Let k(o) = 2*o - 13. Let d(v) = -4*k(v) - 3*t(v). Suppose -p = -4*p - 6. Let b be (0 + 2 + p)/(-2). Determine d(b).
10
Let n(j) = 5*j + 5. Let t(d) = -1. Let o(a) = 3. Let h(v) = -o(v) - 4*t(v). Let g(x) = -6*h(x) + n(x). Suppose -2*q - 5 + 9 = 0. Give g(q).
9
Let t(p) = -206*p - p**2 - 3 + 2 + 199*p. Calculate t(-7).
-1
Let k(l) be the first derivative of -l**2/2 + 2*l - 2. Suppose 2*d - 5 = d + 2*z, -6 = -2*z. Let q = 15 - d. Calculate k(q).
-2
Let z(d) = d**3 + 6*d**2 + 7*d + 3. Suppose -4*y - 5 - 3 = -4*u, 4*u - 3*y - 6 = 0. Let s(f) = f - 5. Let n be s(0). Let a = n - u. Give z(a).
-7
Let c(w) = w**3 - 4*w**2 - 2*w - 2. Suppose -8*v = -10*v + 10. Give c(v).
13
Suppose 4*i + 16 + 6 = -2*o, -3*i + 3*o + 6 = 0. Let q = i + 4. Let s(b) = 3*b. Let w(k) = k. Let a(d) = -s(d) + 5*w(d). Determine a(q).
2
Let s(w) be the second derivative of -w**5/20 - w**4/3 + w**3/2 - 5*w**2/2 - 2*w. Suppose -5*k + k - 20 = 0. Calculate s(k).
5
Suppose -1 = 4*i + 7. Let q be (i + 2)*(-1)/(-2). Let k be 3 - (q - 2/2). Let j(g) = g**3 - 5*g**2 + 7*g - 6. Give j(k).
6
Let v(x) = 3 - 4*x - 7*x + 4*x - 4*x. What is v(2)?
-19
Let n(z) be the first derivative of 3*z**4 - z**2/2 - 1. Let h(u) = u**2 + 13*u - 13. Let d be h(-14). Let f be 35/(-28) + d/4. Calculate n(f).
-11
Let x(k) = k - 1. Let l = 15 - 11. Let r be 13/l + (-4)/16. What is x(r)?
2
Let s(p) be the first derivative of p**4/4 - 4*p**3/3 - 2*p**2 - 3*p - 16. Suppose 4*t + 4*d - 10 = -d, -4*t + 2*d = -24. Give s(t).
2
Let p(x) = -2*x - 2. Let k be ((-15)/9)/(1/3). Let d = k - -1. Calculate p(d).
6
Let o(h) = 6*h**3 + 2*h**2 + h - 4*h**3 - 5*h**3. What is o(-1)?
4
Let a(m) = m**2 + 2*m - 1. Let k(z) = 2*z - 13. Let g be k(8). Suppose g*y + 1 = -4*l, 3*l + 10 = 5*y + 31. What is a(y)?
2
Let q be (8/(-6))/((-2)/(-3)). Let a(u) = -7*u**2 - u + 11. Let c(m) = -3*m**2 - m + 5. Let s(k) = q*a(k) + 5*c(k). Give s(-4).
-1
Let w(q) be the third derivative of q**4/24 - q**3/3 - 18*q**2. What is w(-5)?
-7
Let m(b) be the second derivative of b**6/720 + b**5/20 - b**4/4 - 4*b. Let y(n) be the third derivative of m(n). Calculate y(-3).
3
Let x(b) = b. Let o(s) = -4*s - 2. Let g(h) = o(h) + 3*x(h). Give g(-5).
3
Let k(w) = -6*w**3 + w**2 - 1. Let a(o) = -o**3 + 4*o**2 + 2*o - 6. Let i be a(4). Let y be (6 + -4)*(-1)/i. Give k(y).
6
Let j(k) be the third derivative of 0 + 1/40*k**6 - 1/6*k**3 + 2*k**2 + 1/24*k**4 + 0*k - 1/60*k**5. Deter